e number?
False
Is 298907065 a composite number?
True
Is 1535909 composite?
False
Is 111859355 prime?
False
Is 28296271 composite?
True
Is 941387 prime?
False
Is 112599269 prime?
True
Is 182788049 a prime number?
False
Is 277782331 composite?
False
Is 1862737 composite?
False
Is 6841091 prime?
True
Is 830627801 composite?
False
Is 6535255 prime?
False
Is 2048187 composite?
True
Is 992891 composite?
False
Is 1063533101 a composite number?
True
Is 196537421 prime?
True
Is 195024673 composite?
False
Is 56631227 prime?
True
Is 892639523 composite?
False
Is 15691997 a prime number?
True
Is 42002431 a prime number?
True
Is 13790513 prime?
False
Is 1447661 prime?
True
Is 16675213 composite?
False
Is 7063465 composite?
True
Is 51966877 composite?
True
Is 298958951 a prime number?
True
Is 27082873 a prime number?
True
Is 1250713 a prime number?
False
Is 384805 a composite number?
True
Is 21735521 a composite number?
True
Is 53604193 a composite number?
False
Is 514933 prime?
True
Is 10474253 a prime number?
False
Is 41662813 composite?
False
Is 12451543 composite?
True
Is 849467 composite?
False
Is 1015442177 prime?
False
Is 362422 prime?
False
Is 15245455 prime?
False
Is 36229909 a prime number?
False
Is 28011611 a prime number?
True
Is 34136269 a composite number?
False
Is 169817 composite?
False
Is 3373543 prime?
True
Is 10828421 a prime number?
False
Is 3849559 composite?
True
Is 54043727 a prime number?
True
Is 800128787 prime?
True
Is 15580619 composite?
True
Is 86135871 composite?
True
Is 141644287 a prime number?
True
Is 159506663 prime?
True
Is 4029911 prime?
True
Is 2089279 a composite number?
True
Is 2043989 prime?
True
Is 901231 composite?
True
Is 18890491 a composite number?
True
Is 1260109 a prime number?
False
Is 62673497 prime?
True
Is 2106443 a prime number?
False
Is 6924811 prime?
False
Is 102136787 a composite number?
False
Is 564148537 composite?
False
Is 3276839 prime?
False
Is 10782127 composite?
True
Is 66230531 prime?
True
Is 2289571 prime?
True
Is 4118693 composite?
False
Is 7846439 a prime number?
True
Is 149770477 a prime number?
False
Is 9982699 a composite number?
True
Is 1508743 composite?
False
Is 91791191 a prime number?
False
Is 8799389 a composite number?
False
Is 10184177 a composite number?
False
Is 451029 prime?
False
Is 50329043 a composite number?
True
Is 2990051 a prime number?
True
Is 14849923 prime?
False
Is 35124809 a composite number?
False
Is 143342161 composite?
True
Is 516174497 a prime number?
False
Is 241916243 a composite number?
False
Is 76962835 a prime number?
False
Is 93948937 composite?
True
Is 1251879 a composite number?
True
Is 1685809 prime?
True
Is 378071 prime?
True
Is 67229779 composite?
False
Is 2038943 prime?
True
Is 272407 composite?
False
Is 31368461 a prime number?
False
Is 7875199 prime?
False
Is 67709687 a prime number?
False
Is 49467423 a prime number?
False
Is 614423 a composite number?
True
Is 46353439 a composite number?
True
Is 11739719 a composite number?
True
Is 3332557 composite?
True
Is 623169805 composite?
True
Is 476155 composite?
True
Is 55849271 prime?
False
Is 13117331 composite?
False
Is 366222973 a prime number?
True
Is 75547423 a prime number?
False
Is 2123257 a prime number?
True
Is 51045677 a prime number?
True
Is 2665077 prime?
False
Is 79408871 prime?
True
Is 57580151 composite?
False
Is 58654213 prime?
False
Is 126540121 composite?
True
Is 2393953 a composite number?
True
Is 111983 a prime number?
False
Is 1055771 composite?
False
Is 104096867 prime?
False
Is 14203853 composite?
False
Is 6364427 a composite number?
True
Is 10681799 a prime number?
False
Is 4322863 a composite number?
False
Is 222929 a composite number?
True
Is 64945987 a composite number?
False
Is 23259577 composite?
True
Is 30146 a prime number?
False
Is 221010167 a prime number?
False
Is 294589 prime?
False
Is 98341007 a composite number?
False
Is 73812869 composite?
True
Is 946327 composite?
False
Is 725479 a composite number?
False
Is 223149049 prime?
True
Is 447817507 a prime number?
False
Is 4792789 a prime number?
True
Is 76578673 prime?
True
Is 40682497 composite?
True
Is 1660036981 a composite number?
True
Is 9164073 composite?
True
Is 69107695 prime?
False
Is 8107289 prime?
True
Is 25908121 a composite number?
True
Is 18352261 prime?
True
Is 293963603 a composite number?
False
Is 17793491 a prime number?
True
Is 23000717 a composite number?
True
Is 14716549 a composite number?
True
Is 32271703 composite?
False
Is 57796481 a composite number?
True
Is 141397 a prime number?
True
Is 3056665 composite?
True
Is 3721583 prime?
True
Is 24404339 prime?
True
Is 2933113 composite?
False
Is 3748343 prime?
False
Is 28694527 a composite number?
True
Is 97598627 a prime number?
False
Is 844957 a prime number?
True
Is 28039247 a composite number?
False
Is 5197319 a composite number?
False
Is 7970257 a prime number?
True
Is 40227167 composite?
False
Is 141776939 a prime number?
True
Is 17420911 prime?
True
Is 5611553 a prime number?
True
Is 12091687 a composite number?
False
Is 441880867 a prime number?
True
Is 5884559 composite?
False
Is 2482931 a prime number?
False
Is 30950891 a prime number?
True
Is 61878265 a prime number?
False
Is 606007271 prime?
True
Is 220189 composite?
False
Is 129741821 composite?
True
Is 62521237 composite?
False
Is 233153 a composite number?
True
Is 2049413 composite?
True
Is 22568839 a prime number?
True
Is 21624547 prime?
False
Is 358971559 a prime number?
True
Is 5666299 a prime number?
False
Is 8593899 a composite number?
True
Is 14608439 prime?
False
Is 86112373 prime?
False
Is 1639747 a prime number?
False
Is 4612601 a composite number?
True
Is 145185657 a composite number?
True
Is 2645173 a composite number?
True
Is 3294817 composite?
False
Is 121903003 composite?
False
Is 74176649 a prime number?
False
Is 41731 a composite number?
True
Is 1471441 composite?
False
Is 3927581 composite?
True
Is 7802841 prime?
False
Is 55967273 a prime number?
False
Is 81560665 prime?
False
Is 27842869 prime?
True
Is 8420981 a prime number?
False
Is 245032131 prime?
False
Is 4643407 prime?
True
Is 9170687 a prime number?
False
Is 1293859 a composite number?
True
Is 70359571 a prime number?
True
Is 6618323 a composite number?
False
Is 14567687 composite?
False
Is 28734823 prime?
False
Is 511706083 a composite number?
True
Is 173237281 a prime number?
False
Is 1609793 a composite number?
True
Is 6945061 a prime number?
False
Is 35864519 prime?
True
Is 449833 a prime number?
True
Is 3354997 prime?
False
Is 51730363 a composite number?
False
Is 2451799 a prime number?
False
Is 79177583 a composite number?
False
Is 8052587 composite?
False
Is 15467237 prime?
False
Is 60394667 a composite number?
True
Is 239427289 prime?
True
Is 703510937 prime?
True
Is 18351037 composite?
True
Is 100582969 composite?
True
Is 5985871 a composite number?
False
Is 595868773 composite?
True
Is 1571989 a composite number?
False
Is 6200917 a prime number?
False
Is 239313251 prime?
True
Is 21831029 prime?
False
Is 4501538 prime?
False
Is 253307 prime?
True
Is 4526447 composite?
False
Is 153146747 a prime number?
False
Is 19834091 a prime number?
True
Is 201990619 composite?
False
Is 5757449 composite?
False
Is 10913869 a prime number?
False
Is 106420199 a prime number?
True
Is 7047539 a prime number?
True
Is 479976739 a composite number?
True
Is 12387413 a composite number?
True
Is 119663801 composite?
True
Is 314767 a composite number?
True
Is 3774871 a prime number?
True
Is 106883389 prime?
False
Is 11503439 prime?
False
Is 258943 composite?
True
Is 23647391 prime?
False
Is 12033829 a prime number?
False
Is 160176977 a prime number?
True
Is 4487482 a prime number?
False
Is 54375439 a composite number?
False
Is 7385117 prime?
True
Is 4734399 a prime number?
False
Is 884267 prime?
True
Is 36474137 prime?
False
Is 65183401 composite?
False
Is 1520003 a prime number?
True
Is 11045561 a composite number?
False
Is 1490617 composite?
True
Is 216259373 prime?
False
Is 186250583 composite?
False
Is 2593623 composite?
True
Is 3229169 a composite number?
False
Is 11861639 a composite number?
False
Is 239477 a composite number?
True
Is 12748097 prime?
True
Is 50408333 composite?
True
Is 3143897 a composite number?
Fals